{"id":5228,"date":"2022-10-20T16:06:33","date_gmt":"2022-10-20T16:06:33","guid":{"rendered":"https:\/\/ucai.eu\/ucai\/?page_id=5228"},"modified":"2022-10-20T16:14:52","modified_gmt":"2022-10-20T16:14:52","slug":"cosa-ti-aspetti-da-ucai","status":"publish","type":"page","link":"https:\/\/ucai.eu\/2\/cosa-ti-aspetti-da-ucai\/","title":{"rendered":"Cosa ti aspetti da UCAI?"},"content":{"rendered":"<p>[vc_row][vc_column]<div id=\"la_heading_69e65d476361f\" class=\"la-headings text-center\"><h2 class=\"js-el heading-tag la-unit-responsive\" style=\"\" >Cosa ti aspetti da UCAI?<\/h2><\/div>\n[\/vc_column][\/vc_row][vc_row][vc_column]<div id=\"la_testimonial_69e65d47637f1\" class=\"wpb_content_element la-testimonials\">\n        <div class=\"la-loop testimonial-loop la_testimonials loop-style-3 la_testimonials--style-3 grid-items grid-space-30 xlg-grid-4-items lg-grid-4-items md-grid-4-items sm-grid-2-items xs-grid-2-items mb-grid-1-items\"><div class=\"loop-item grid-item testimonial_item post-4660 la_testimonial type-la_testimonial status-publish hentry\">\n    <div class=\"testimonial_item--inner item-inner\">\n                    <div class=\"testimonial_item--image\"><img loading=\"lazy\" decoding=\"async\" width=\"562\" height=\"562\" src=\"https:\/\/ucai.eu\/2\/wp-content\/uploads\/2022\/10\/Anna.png\" class=\"attachment-full size-full\" alt=\"\" srcset=\"https:\/\/ucai.eu\/2\/wp-content\/uploads\/2022\/10\/Anna.png 562w, https:\/\/ucai.eu\/2\/wp-content\/uploads\/2022\/10\/Anna-300x300.png 300w, https:\/\/ucai.eu\/2\/wp-content\/uploads\/2022\/10\/Anna-100x100.png 100w, https:\/\/ucai.eu\/2\/wp-content\/uploads\/2022\/10\/Anna-40x40.png 40w\" sizes=\"auto, (max-width: 562px) 100vw, 562px\" \/><\/div>\n                <div class=\"testimonial_item--info\">\n            <div class=\"testimonial_item--excerpt\">Ucai \u00e8 la prima organizzazione a fare da cerniera tra le prime e le seconde generazioni, affinch\u00e9 collaborino attivamente e insieme possano divenire protagoniste nella societ\u00e0. Un compito importante di Ucai \u00e8 favorire un miglioramento delle opportunit\u00e0 di lavoro, facendo in modo che talenti e attitudini vengano valorizzati dal sistema: verr\u00e0 costruito un grande database di competenze da inserire in vari contesti. Per favorire l\u2019adeguato riconoscimento e l\u2019ulteriore miglioramento delle diverse professionalit\u00e0, si svolger\u00e0 un\u2019azione di formazione e sensibilizzazione dei formatori, un rinnovamento generazionale nei servizi rivolti ai giovani, favorendo condizioni di parit\u00e0 e di pari opportunit\u00e0 per tutti. Le seconde generazioni hanno un duplice bagaglio culturale e linguistico e quindi possono dare un contributo significativo nei processi di innovazione produttiva e organizzativa. Il loro ruolo, nella societ\u00e0 e all\u2019interno di Ucai, \u00e8 davvero prezioso.<\/div>\n        <\/div>\n        <div class=\"testimonial_item--bottom\">\n            <div class=\"testimonial_item--title-role\">\n                <div class=\"testimonial_item--title\">Anna S.<\/div>            <\/div>\n        <\/div>\n    <\/div>\n<\/div><div class=\"loop-item grid-item testimonial_item post-4659 la_testimonial type-la_testimonial status-publish hentry\">\n    <div class=\"testimonial_item--inner item-inner\">\n                    <div class=\"testimonial_item--image\"><img loading=\"lazy\" decoding=\"async\" width=\"193\" height=\"193\" src=\"https:\/\/ucai.eu\/2\/wp-content\/uploads\/2022\/10\/Eulalia_2.jpg\" class=\"attachment-full size-full\" alt=\"\" srcset=\"https:\/\/ucai.eu\/2\/wp-content\/uploads\/2022\/10\/Eulalia_2.jpg 193w, https:\/\/ucai.eu\/2\/wp-content\/uploads\/2022\/10\/Eulalia_2-100x100.jpg 100w, https:\/\/ucai.eu\/2\/wp-content\/uploads\/2022\/10\/Eulalia_2-40x40.jpg 40w\" sizes=\"auto, (max-width: 193px) 100vw, 193px\" \/><\/div>\n                <div class=\"testimonial_item--info\">\n            <div class=\"testimonial_item--excerpt\">Ucai offre la tutela legale ai suoi soci in tutte le controversie: in caso di problemi sul posto di lavoro, se si \u00e8 vittima di errori sanitari, in presenza di atti di discriminazione\u2026 per ogni tipo di ingiustizia. Un professionista segue il socio fino alla conclusione della controversia. Sotto il profilo della tutela della salute, poi, Ucai offre la possibilit\u00e0 di avere una tessera che permette di accedere alle visite specialistiche grazie a convenzioni siglate dall\u2019organizzazione con molte strutture sanitarie private. Importante anche la tutela previdenziale: c\u2019\u00e8 la possibilit\u00e0 di accedere a un fondo pensionistico integrativo per poter godere di una pensione pi\u00f9 consistente, e si ha diritto al rimpatrio assistito in caso di malattia o di morte.<\/div>\n        <\/div>\n        <div class=\"testimonial_item--bottom\">\n            <div class=\"testimonial_item--title-role\">\n                <div class=\"testimonial_item--title\">Eulalia G.<\/div>            <\/div>\n        <\/div>\n    <\/div>\n<\/div><div class=\"loop-item grid-item testimonial_item post-4495 la_testimonial type-la_testimonial status-publish hentry\">\n    <div class=\"testimonial_item--inner item-inner\">\n                    <div class=\"testimonial_item--image\"><img loading=\"lazy\" decoding=\"async\" width=\"283\" height=\"283\" src=\"https:\/\/ucai.eu\/2\/wp-content\/uploads\/2022\/10\/Marcel_2.jpg\" class=\"attachment-full size-full\" alt=\"\" srcset=\"https:\/\/ucai.eu\/2\/wp-content\/uploads\/2022\/10\/Marcel_2.jpg 283w, https:\/\/ucai.eu\/2\/wp-content\/uploads\/2022\/10\/Marcel_2-100x100.jpg 100w, https:\/\/ucai.eu\/2\/wp-content\/uploads\/2022\/10\/Marcel_2-40x40.jpg 40w\" sizes=\"auto, (max-width: 283px) 100vw, 283px\" \/><\/div>\n                <div class=\"testimonial_item--info\">\n            <div class=\"testimonial_item--excerpt\">UCAI \u00e8 un\u2019organizzazione che mira a facilitare l\u2019integrazione dell\u2019immigrato africano, aiutando i talenti che si sono costruiti nel loro paese d\u2019origine o formati in Italia. La sua immensa rete \u00e8 un\u2019opportunit\u00e0 per i professionisti che potranno collaborare con le istituzioni italiane e gli Stati africani. Offre a suoi quadri un\u2019esperienza transnazionale con ottime prospettive di carriera.<\/div>\n        <\/div>\n        <div class=\"testimonial_item--bottom\">\n            <div class=\"testimonial_item--title-role\">\n                <div class=\"testimonial_item--title\">Marcel M.<\/div>            <\/div>\n        <\/div>\n    <\/div>\n<\/div><div class=\"loop-item grid-item testimonial_item post-4657 la_testimonial type-la_testimonial status-publish hentry\">\n    <div class=\"testimonial_item--inner item-inner\">\n                    <div class=\"testimonial_item--image\"><img loading=\"lazy\" decoding=\"async\" width=\"600\" height=\"600\" src=\"https:\/\/ucai.eu\/2\/wp-content\/uploads\/2022\/10\/Kuassi.jpg\" class=\"attachment-full size-full\" alt=\"\" srcset=\"https:\/\/ucai.eu\/2\/wp-content\/uploads\/2022\/10\/Kuassi.jpg 600w, https:\/\/ucai.eu\/2\/wp-content\/uploads\/2022\/10\/Kuassi-300x300.jpg 300w, https:\/\/ucai.eu\/2\/wp-content\/uploads\/2022\/10\/Kuassi-100x100.jpg 100w, https:\/\/ucai.eu\/2\/wp-content\/uploads\/2022\/10\/Kuassi-40x40.jpg 40w\" sizes=\"auto, (max-width: 600px) 100vw, 600px\" \/><\/div>\n                <div class=\"testimonial_item--info\">\n            <div class=\"testimonial_item--excerpt\">Fra gli esseri umani, ce ne sono alcuni che sanno da dove vengono e chi sono, Per loro, la questione \u00abdove andare\u00bb \u00e8 un\u2019evidenza. Essi sono coscienti e pronti a mettere al servizio delle Comunit\u00e0 la loro conoscenza ed il loro \u00abknow how\u00bb. E\u2019 con questa visione che abbiamo la certezza di portare risposte alle grandi sfide che stanno attanagliando le popolazioni del nostro Continente sia all\u2019interno che all\u2019esterno.Parafrasando Aim\u00e8 C\u00e9saire: \u201c\u2026Se puoi vedere distruggere l&#039;opera della tua vita e metterti, senza perdere unsolo momento, a ricostruire, sarai un uomo, figlio mio.\u201dUCAI diventa cos\u00ec la voce di una volont\u00e0 collettiva delle organizzazioni comunitarie africane sparse in Italia. L\u2019unica missione \u00e8 dare dignit\u00e0 ad ogni figlio e figlia del continente attraverso azioni sinergiche di alto livello scientifico fra esperti e tecnici impegnati a fianco alle varie associazioni nello spirito di condivisione dei valori.Questo nuovo inizio ricostruisce completamente l\u2019immaginario collettivo della presenza straniera in Italia e la problematica dell\u2019immigrazione in una dialettica \u201cqui \u2013 laggi\u00f9&quot; a favore di una nuova narrazione della Diaspora panafricana.<\/div>\n        <\/div>\n        <div class=\"testimonial_item--bottom\">\n            <div class=\"testimonial_item--title-role\">\n                <div class=\"testimonial_item--title\">Kuassi S.<\/div>            <\/div>\n        <\/div>\n    <\/div>\n<\/div><\/div>\n<!-- .testimonial-loop -->    <\/div>[\/vc_column][\/vc_row]<\/p>\n","protected":false},"excerpt":{"rendered":"<p>[vc_row][vc_column][\/vc_column][\/vc_row][vc_row][vc_column][\/vc_column][\/vc_row]<\/p>\n","protected":false},"author":1,"featured_media":0,"parent":0,"menu_order":0,"comment_status":"closed","ping_status":"closed","template":"","meta":{"footnotes":""},"class_list":["post-5228","page","type-page","status-publish","hentry"],"_links":{"self":[{"href":"https:\/\/ucai.eu\/2\/wp-json\/wp\/v2\/pages\/5228","targetHints":{"allow":["GET"]}}],"collection":[{"href":"https:\/\/ucai.eu\/2\/wp-json\/wp\/v2\/pages"}],"about":[{"href":"https:\/\/ucai.eu\/2\/wp-json\/wp\/v2\/types\/page"}],"author":[{"embeddable":true,"href":"https:\/\/ucai.eu\/2\/wp-json\/wp\/v2\/users\/1"}],"replies":[{"embeddable":true,"href":"https:\/\/ucai.eu\/2\/wp-json\/wp\/v2\/comments?post=5228"}],"version-history":[{"count":8,"href":"https:\/\/ucai.eu\/2\/wp-json\/wp\/v2\/pages\/5228\/revisions"}],"predecessor-version":[{"id":5241,"href":"https:\/\/ucai.eu\/2\/wp-json\/wp\/v2\/pages\/5228\/revisions\/5241"}],"wp:attachment":[{"href":"https:\/\/ucai.eu\/2\/wp-json\/wp\/v2\/media?parent=5228"}],"curies":[{"name":"wp","href":"https:\/\/api.w.org\/{rel}","templated":true}]}}